en m is divided by 34.
32
What is the remainder when 260 is divided by 108/(-18) + (36 - 1)?
28
Suppose 560 - 93 = 4*y - 3*d, -329 = -3*y - 2*d. Calculate the remainder when y is divided by ((-3036)/(-220))/(6/10).
21
Suppose -3*z + a = -4*a - 34, 0 = -z + a + 12. Let t(h) = 2*h**2 + 4*h + 2. Suppose -3*k + 0*k = 9. Calculate the remainder when z is divided by t(k).
5
Let f(v) = -127*v - 337. Calculate the remainder when 126 is divided by f(-3).
38
Suppose 4*c - 1 = 3*r, 0*c + 2*r = 3*c. Calculate the remainder when 25 is divided by (4/(-10))/(c/70*1).
11
Let m = 4 + 11. What is the remainder when 57 is divided by m?
12
Let d(q) = q**2 - 6*q + 11. Calculate the remainder when d(16) is divided by 30.
21
Let m be -2 - 2*(-55)/2. Let d = 2 + m. What is the remainder when d is divided by 14?
13
Suppose 12 = 5*n - 2*s, n + 20 = 4*n + 2*s. Suppose n*r = r + 57. Calculate the remainder when (-3)/7 + (-4)/42*-372 is divided by r.
16
Suppose 0 = 2*n + 174 + 42. What is the remainder when 5/(-10)*n - (-2)/2 is divided by 19?
17
Calculate the remainder when 113 is divided by ((-342)/(-57))/((-4 + 1)/(-3)).
5
Let d = 1488 + -1421. What is the remainder when 194 is divided by d?
60
Let z = -86 + 61. Let v = 59 + z. What is the remainder when 134 is divided by v?
32
Let c(q) = -2*q - 18. Let x be c(-11). Suppose -w - 3*b = -20, x*w + 0*b = 2*b + 10. Suppose 2*j = 5*j - 66. What is the remainder when j is divided by w?
2
Let x(u) = u + 2. Let b = 30 + -21. What is the remainder when b is divided by x(1)?
0
Suppose 34*s = 385 + 363. What is the remainder when 40 is divided by s?
18
Suppose 57 = 5*v - 2*v. Suppose 0 = 2*a - 27 + 5. What is the remainder when v is divided by a?
8
Let d = 1046 - 830. What is the remainder when d is divided by 13?
8
Suppose -10*n + 28 = -9*n + 5*a, -2*a - 112 = -4*n. Calculate the remainder when 189 is divided by n.
21
Let z(q) be the third derivative of -3*q**4/8 + q**3/3 - 7*q**2. What is the remainder when z(-5) is divided by (1 - 5)*2*-2?
15
Suppose -6*v + 5*v + 4 = b, 0 = 5*b - v - 50. Suppose 0 = -3*l + 67 + 8. Calculate the remainder when l is divided by b.
7
Let k(h) = -h**2 - 7*h + 24. Calculate the remainder when 2105/45 + 2/9 is divided by k(-8).
15
Let r(a) = 4*a**2 + 17*a - 17. Let l be r(1). Suppose -2*m = 10, 2*m + m = h - 17. Suppose l*i - h*i = 126. What is the remainder when i is divided by 17?
12
Suppose 10*b = 100 + 630. Suppose -q - 3*k = -8*k + 24, -5*q + 3*k = 120. Let l = b + q. Calculate the remainder when l is divided by 17.
15
Suppose 306 = 3*z - 3. Calculate the remainder when z is divided by 64.
39
Let g(a) be the third derivative of -a**4/24 + 5*a**3/2 + 3*a**2. Calculate the remainder when g(-7) is divided by 8.
6
Let w be (-7 + -27)/(1/(-6)). Let z = w + -60. Calculate the remainder when z is divided by 37.
33
Let f be (-1)/(-7) + (-500)/(-28). Suppose 3*k = 15 - 3. Suppose a - f + k = 0. Calculate the remainder when a is divided by 9.
5
Let b = 221 + -202. Calculate the remainder when b is divided by 10.
9
Let l be 2 + 1 - (-3 - -2). Suppose -2*h - 2 = -2*y + 2, 4*h = -2*y + l. Suppose -3*f + 5*f - 38 = h. What is the remainder when 37 is divided by f?
18
Let l(j) = 11*j**3 + 17*j**2 + 5*j - 2. Let w(m) = -5*m**3 - 8*m**2 - 2*m + 1. Let z(x) = -4*l(x) - 9*w(x). What is the remainder when 28 is divided by z(-2)?
6
Suppose 0 = z - 212 + 35. What is the remainder when z is divided by 3 - (-102)/(-30) - (-3178)/70?
42
Suppose 6*q = q + 55. Let a = 83 + -40. Let n = a - 39. What is the remainder when q is divided by n?
3
Let m(g) = 2*g**2 - 12*g - 7. Let c be m(7). Suppose 27 + 8 = c*t. What is the remainder when 28 is divided by t?
3
Suppose 0 = -12*d + 44 + 52. Suppose -67 = -d*m + 165. Calculate the remainder when m is divided by 16.
13
Let g be 3*2*(-4)/(-6). Let y = -1 - -17. Suppose -6*f = z - 2*f - y, -64 = -g*z - 5*f. Calculate the remainder when z is divided by 6.
4
Suppose 3*l + 4*a = l + 98, 0 = l - 5*a - 14. Calculate the remainder when (4/(-6))/(6 + (-5480)/912) is divided by l.
37
Let t(k) = -k**2 + 13*k - 13. Let g = -15 - -26. Suppose 4*a - 81 - 51 = 0. What is the remainder when a is divided by t(g)?
6
Suppose 0 = k - 6*k + 20. Suppose 52 = -l + x, -4*x = -k*l + l - 161. Let n = -6 - l. Calculate the remainder when n is divided by 11.
8
Let x = -143 - -188. Let t = 10 + 6. Calculate the remainder when x is divided by t.
13
Let h(p) = p + 31. Let o be (13/(-2) + 5)/((-3)/16). Let i = 3 + o. What is the remainder when h(0) is divided by i?
9
Suppose -326*a = -274*a - 884. What is the remainder when 352 is divided by a?
12
Suppose 2*f - 151 = -3*w, -5*f - 88 = -0*w - 2*w. What is the remainder when 486 is divided by w?
45
Suppose 0 = 3*n - 15. Let w(l) = 3*l**2 + 7*l - 3. What is the remainder when w(-4) is divided by n?
2
Let y(q) = -q**3 + 12*q**2 - 29*q + 27. Let u be y(8). Suppose -u*x + 12 = -48*x. Calculate the remainder when ((-22)/4 + -1)*-2 is divided by x.
1
Suppose 0 = 2*v - 2, 2*y = -y + 5*v + 106. What is the remainder when 366 is divided by y?
33
What is the remainder when 297/4 + (-69)/(-92) is divided by 28?
19
Let v(y) = -3 - 2*y + 1 - y. Calculate the remainder when v(-4) is divided by 2 + (-38)/(-16) - (-54)/(-144).
2
Suppose -11*o - 81 = -455. What is the remainder when 441 is divided by o?
33
Suppose -2*z + h + 3*h + 230 = 0, 5*h = -5*z + 515. What is the remainder when z is divided by 5?
2
Calculate the remainder when 74*(9/6)/3 is divided by -20*13/((-260)/8).
5
Let n(h) = 18*h + 2. What is the remainder when n(3) is divided by 35?
21
Let c(v) = 2*v**2 + 41*v + 13. Calculate the remainder when c(-24) is divided by 47.
40
Let r be 1656/88 - 2/(-11). Let k = r + 30. Calculate the remainder when k is divided by (-351)/(-21) + 2/7.
15
Let g = 121 + -119. Calculate the remainder when 9 is divided by g.
1
Let m = -105 + 179. Suppose 0 = p - 4*k - 17, 5*p + 3*k = m + 34. Let j(y) = 2*y**2 + 8*y + 12. Calculate the remainder when p is divided by j(-4).
9
Let z(b) = -b + 9. Let l be z(4). Suppose -l*m - 5*w = -55, -2*m + 2*w + 48 = m. Suppose -7*s + 3*s = -220. Calculate the remainder when s is divided by m.
13
Suppose -31*w = -35*w + 216. Calculate the remainder when 536 is divided by w.
50
Suppose 0 = -p + 6*p - 50. Let v = p - 6. Suppose -9 = -3*h, -10 = -v*t + 3*h + 33. Calculate the remainder when t is divided by 7.
6
What is the remainder when 97 is divided by 60/9*(-3 - -6)?
17
Let n be (-54 - -1)*-1 - -2. Suppose 0 = t - 5*t - 112. Let f = n + t. Calculate the remainder when f is divided by 10.
7
Suppose -3*d - 1 + 28 = 0. Suppose 0 = 3*n + 3*n - 42. Suppose 0 = 2*v - 45 - n. What is the remainder when v is divided by d?
8
Suppose -2*p + 0*p - 37 = -t, 4*p = -3*t + 61. What is the remainder when t is divided by 11?
5
Let d = -101 + 107. Calculate the remainder when 8 is divided by d.
2
Suppose 4*y = y, 3*x - 3*y - 12 = 0. Suppose -5*j + x*j + 27 = g, -2*g = 3*j - 83. What is the remainder when j is divided by 8?
5
Let f = 65 - 60. Suppose 6*n = f*n + 6. Calculate the remainder when 35 is divided by n.
5
Suppose -475 = 6*t - 163. Let o = -40 - t. What is the remainder when 57 is divided by o?
9
Let c(l) = -14*l - 14. Let b be c(-4). Suppose b = 3*t - 2*n + 6, 3*t + 2*n - 48 = 0. Calculate the remainder when 81 is divided by t.
11
Let v(g) be the second derivative of 1/20*g**5 + 0 - 5*g**2 + 1/3*g**4 - 3/2*g**3 - 11*g. Calculate the remainder when 15 is divided by v(-5).
5
What is the remainder when 442 is divided by (-80)/(-15)*7*(-9)/(-3)?
106
Let t = 29 + -17. Calculate the remainder when 191 is divided by t.
11
Let l = -63 - -94. Suppose 3*u + l = 4*q - 0*u, -5*q = 3*u - 5. Suppose -3*m - 14 = -5*g + 22, 30 = q*g - 2*m. What is the remainder when 25 is divided by g?
7
What is the remainder when (6 + -5)*(-3)/(6/(-1138)) is divided by 22?
19
Suppose 0 = 7*c - 2*c + 290. What is the remainder when (-3)/(-2)*c/(-3) is divided by 15?
14
Suppose 236 = 14*k - 13*k. What is the remainder when k is divided by 15?
11
Let x(z) = -z**3 + 7*z**2 - 4*z - 6. Suppose 2*b - b = -5, 4*b - 4 = -4*l. What is the remainder when 29 is divided by x(l)?
5
Let d be 3052/154 - (-4)/22. Let v = d + -18. Suppose -n + 101 = v*r, -4*r + 4*n = -2*r - 116. Calculate the remainder when r is 